-81).
4
Let j(a) = a**3 + 8*a**2 - 306*a - 956. Calculate j(-3).
7
Let z(t) = 10394*t + 602853. Give z(-58).
1
Let i(x) = -x**3 - 55*x**2 + 925*x + 40646. Give i(-59).
-5
Let n(g) = 138734*g - 277632. Give n(2).
-164
Let m(c) = c**2 - 657850*c + 4604862. Determine m(7).
-39
Let b(f) = -f**3 - 41*f**2 + 425*f - 11203. What is b(-53)?
-20
Let d(m) = 14*m**3 - 651*m**2 - 328*m + 40. What is d(47)?
87
Let d(c) = -c**3 + 33*c**2 + 2673*c - 86565. Calculate d(32).
-5
Let g(i) = 2*i**2 + 473*i + 20859. What is g(-178)?
33
Let w(j) = 14795*j - 192331. Calculate w(13).
4
Let d(b) = -b**2 - 168*b - 5579. What is d(-72)?
1333
Let d(u) = -2*u**2 + 912*u + 3771367. Calculate d(-1164).
7
Let u(b) = 2942*b - 16. Determine u(0).
-16
Let t(h) = -6619*h - 2720415. What is t(-411)?
-6
Let w(y) = 4737*y + 748171. Determine w(-158).
-275
Let d(k) = -k**2 + 4471*k - 88939. Calculate d(20).
81
Let p(b) = -118101*b - 5314543. Give p(-45).
2
Let q(o) = -o**2 - 24*o - 34. Calculate q(12).
-466
Let b(h) = -364*h - 181345. Give b(-498).
-73
Let m(z) = -15*z**2 - 1174*z + 5882. Calculate m(5).
-363
Let w(y) = -64*y**3 + 8*y**2 + 269*y + 268. Calculate w(-1).
71
Let u(n) = 457*n**2 - 1320*n. What is u(3)?
153
Let d(q) = -q**2 - 4550*q - 4122943. What is d(-1249)?
6
Let p(a) = a - 218. Give p(-23).
-241
Let c(o) = o**2 - 172*o - 4238. What is c(-22)?
30
Let d(c) = -7555*c + 234190. Give d(31).
-15
Let w(n) = -25*n**3 - 16*n**2 + 150*n - 150. Calculate w(1).
-41
Let d(u) = 5*u**3 - 164*u**2 - 29*u + 9. Calculate d(33).
141
Let p(z) = -93825*z - 28804283. Calculate p(-307).
-8
Let h(z) = 939*z - 384995. Give h(410).
-5
Let x(n) = 153*n**2 - 2353*n - 2354. Calculate x(-1).
152
Let g(n) = -n**3 - 207*n**2 - 9879*n - 12984. Determine g(-134).
14
Let a(b) = -2270*b + 18471. What is a(8)?
311
Let h(z) = z**3 - 11*z**2 + 44*z - 418. Determine h(16).
1566
Let i(d) = 34468*d + 5239138. Calculate i(-152).
2
Let k(v) = -6660*v + 26646. Calculate k(4).
6
Let w(p) = 3702*p - 11095. Give w(3).
11
Let y(q) = -986*q - 68027. Determine y(-69).
7
Let h(p) = -1107*p**2 + 11*p - 10. What is h(1)?
-1106
Let t(h) = h**2 + 534298*h - 2137206. Calculate t(4).
2
Let c(h) = -2*h**3 - 16*h**2 - 290*h - 5453. Give c(-13).
7
Let f(g) = 20839*g - 250126. Determine f(12).
-58
Let n(v) = 4*v**2 - 7*v - 1296. Calculate n(20).
164
Let q(b) = 632*b - 12214. What is q(23)?
2322
Let y(h) = 98*h**2 - 15786*h + 561. What is y(161)?
-727
Let q(r) = -2*r**2 + 2795*r - 71289. What is q(26)?
29
Let g(i) = -65*i**2 - 1335*i + 83. Give g(-20).
783
Let d(m) = -4*m**3 + 17*m**2 - 7*m + 14. Determine d(0).
14
Let t(x) = 3*x**3 + 896*x**2 + 19525*x + 23. What is t(-275)?
23
Let o(l) = 52155*l - 521625. Give o(10).
-75
Let n(s) = s**2 - 2822*s - 2195202. What is n(-635)?
-7
Let w(d) = 37169*d + 20. Give w(0).
20
Let k(q) = -q**3 + 5*q**2 + 4*q + 573. Give k(14).
-1135
Let o(x) = -4*x**2 - 99*x - 252. Determine o(-25).
-277
Let u(s) = -s**2 + 194*s + 194. What is u(189)?
1139
Let s(f) = f**3 - 7*f**2 - 340*f - 1753. Give s(-8).
7
Let g(d) = -d**2 - 29016*d + 174126. Give g(6).
-6
Let c(l) = -1844*l + 98235. Determine c(54).
-1341
Let o(j) = -j**3 + 108*j**2 + 21*j - 24631. Give o(106).
67
Let q(k) = -13432*k + 161223. Give q(12).
39
Let t(c) = -15650*c + 29575. Determine t(2).
-1725
Let c(x) = -x**3 - 13*x**2 + 1160*x + 19244. Give c(-18).
-16
Let i(w) = -5*w**3 - 5503*w**2 - 14169*w + 115281. Give i(-1098).
-9
Let i(s) = s**2 + 1242*s + 135636. Determine i(-121).
-5
Let p(h) = 4*h**2 - 75*h - 1345. Determine p(-12).
131
Let i(s) = -191011*s + 5348309. Determine i(28).
1
Let t(n) = -n**3 + 184*n**2 - 430*n + 12056. Give t(182).
44
Let b(z) = -z**3 - 16*z**2 - 445*z - 6381. Give b(-15).
69
Let w(f) = 102*f + 7219. What is w(-71)?
-23
Let z(i) = 6*i**2 + 857*i + 4731. Give z(-137).
-64
Let q(x) = -x**2 - 9570*x - 76442. Give q(-8).
54
Let i(l) = 6*l**2 - 437*l - 756. Determine i(75).
219
Let h(l) = -14*l**3 - 198*l**2 - 70*l - 585. What is h(-14)?
3
Let y(o) = 149*o - 11735. Determine y(83).
632
Let b(o) = -6*o**3 - 13185*o - 26373. Give b(-2).
45
Let c(p) = 4084*p - 7363415. Determine c(1803).
37
Let u(m) = -m**3 - 11163*m**2 + 111741*m - 110. Determine u(10).
0
Let m(r) = -r**2 + 7*r + 193123. Determine m(443).
-25
Let u(i) = 11272*i - 90151. Give u(8).
25
Let u(f) = -f**2 + 6853*f + 54878. Determine u(-8).
-10
Let o(l) = 286*l + 58897. Calculate o(-206).
-19
Let t(n) = -115272*n + 2881768. Give t(25).
-32
Let l(v) = 129*v**3 - 7*v**2 + 12*v + 8. Give l(-1).
-140
Let b(r) = 61*r**3 - 73*r**2 + 105*r + 14. Give b(0).
14
Let m(t) = 1226*t - 72364. Give m(59).
-30
Let u(f) = 27*f**3 - 198*f**2 + 586*f - 7. Give u(3).
698
Let i(q) = -9*q - 1283. Calculate i(-35).
-968
Let f(x) = x**2 + 195*x + 8113. Give f(-136).
89
Let g(u) = u**3 + 22*u**2 - 138*u - 510. Determine g(-27).
-429
Let r(g) = 3*g**3 - 478*g**2 - 7662*g + 1028. Determine r(174).
-16
Let w(q) = 11*q**2 - 370*q - 200. What is w(34)?
-64
Let l(k) = k**3 + 7*k**2 - 1037*k - 4372. What is l(31)?
-1
Let b(n) = -n**3 + 38*n**2 + 21546*n - 520. Give b(167).
-19
Let f(h) = -7583*h + 30361. Give f(4).
29
Let g(p) = 266*p**3 - 82994*p**2 + 622*p + 612. What is g(312)?
-12
Let w(n) = 1544*n + 359754. What is w(-233)?
2
Let n(q) = -q**2 - 532*q - 34321. Give n(-75).
-46
Let t(y) = -6*y**2 - 36*y - 118. What is t(-3)?
-64
Let l(r) = 8609*r - 7825573. Calculate l(909).
8
Let j(h) = 9*h**3 - 77*h**2 - 5*h - 284. Determine j(9).
-5
Let o(m) = 4967*m**2 - 69544*m + 81. Determine o(14).
-3
Let q(m) = m**2 - 2389*m + 7163. Determine q(3).
5
Let m(z) = z**2 - 6012*z - 1032100. Give m(-167).
-207
Let p(g) = 1301*g - 2736. Determine p(3).
1167
Let j(s) = s**2 - 145*s - 5619. Determine j(-30).
-369
Let i(w) = -w**2 + 161*w + 6520. Calculate i(-35).
-340
Let y(z) = 284*z**2 - 1888*z - 38. What is y(5)?
-2378
Let r(x) = 106*x**2 - 2359*x - 44. What is r(24)?
4396
Let i(z) = -651*z - 26007. Give i(-40).
33
Let w(l) = 1246848*l + 4987403. Determine w(-4).
11
Let m(q) = -2323*q + 72015. Determine m(31).
2
Let d(o) = 4*o**2 - 567*o + 9223. Give d(17).
740
Let z(x) = 43*x - 3184. Give z(78).
170
Let y(o) = o**2 + 390*o + 3146. Calculate y(-8).
90
Let w(y) = -3*y**2 - 205*y - 3055. What is w(-21)?
-73
Let q(t) = 13*t**3 - 24*t**2 + 153*t + 1. Calculate q(5).
1791
Let q(i) = -i**3 - 24*i**2 - 86*i + 41. What is q(-11)?
-586
Let f(u) = 2*u**3 + 9*u**2 + 5*u + 1231. What is f(0)?
1231
Let b(j) = -194*j - 1286. Determine b(-7).
72
Let a(m) = 64*m**2 + 900*m - 3265. Calculate a(3).
11
Let m(i) = -15*i**3 - 11*i**2 + 41*i - 5. What is m(-3)?
178
Let z(o) = 956061*o + 5736357. Give z(-6).
-9
Let x(f) = -8*f**2 - 151757*f + 2430155. Determine x(16).
-5
Let m(p) = 202*p**2 - 7289*p + 55. Calculate m(36).
-557
Let g(t) = -1263*t - 970008. Calculate g(-768).
-24
Let o(i) = i**3 - 2887*i**2 + 17189*i + 585. Give o(6).
3
Let v(y) = 1109*y**3 + 9980*y**2 - 6*y + 36. Determine v(-9).
9
Let k(c) = -593718*c + 4749738. Determine k(8).
-6
Let f(y) = 1474*y - 157715. Give f(107).
3
Let i(p) = -2*p**3 - 53*p**2 - 107*p + 340. What is i(-24)?
28
Let k(l) = l**3 - 189*l**2 - 14337*l + 2720. Give k(247).
3
Let o(p) = p**3 - 49*p**2 - 103*p - 90. Calculate o(51).
-141
Let v(r) = -4240*r - 73199. Calculate v(-17).
-1119
Let o(s) = -284*s - 1220. Give o(-7).
768
Let d(x) = -68*x**2 + 7683*x + 775. Give d(113).
662
Let b(h) = h**3 - 59*h**2 + 139*h + 4423. What is b(55)?
-32
Let k(p) = -p**2 - 635*p + 31487. Determine k(47).
-567
Let c(y) = -58504*y - 117015. Calculate c(-2).
-7
Let w(u) = -3103*u - 2255664. Determine w(-727).
217
Let l(q) = -q**2 + 38*q - 109. Determine l(32).
83
Let l(i) = -2505*i - 9474. Give l(-4).
546
Let d(l) = 176*l**3 - 35927*l**2 + 4695*l - 609. Calculate d(204).
3
Let n(d) = -6*d**2 - 510*d + 26834. Determine n(36).
698
Let s(b) = 21*b**2 - 99*b - 144. What is s(5)?
-114
Let z(i) = -5*i**2 - 211*i + 53. Calculate z(-7).
1285
Let c(q) = -5*q**2 + 53*q + 6782. Give c(-32).
-34
Let b(r) = r**3 - 8*r**2 + 632*r - 5006. Determine b(8).
50
Let y(i) = -173*i + 6877. Give y(42).
-389
Let q(o) = 34*o**2 + 595*o - 47110. Calculate q(-47).
31
Let i(d) = -152*d - 15483. Calculate i(-102).
21
Let z(q) = -309*q**2 + 24730*q - 789. Give z(80).
11
Let y(q) = q**3 + 55*q**2 + 400*q - 2138. Calculate y(-45).
1